alse
Is 304285529 a prime number?
True
Is 58205261 a prime number?
True
Is 1814698423 a prime number?
True
Is 851793941 a composite number?
False
Is 260735087 composite?
True
Is 29415029041 a prime number?
True
Is 478976609 a prime number?
True
Is 4098290905 a composite number?
True
Is 2118727301 a prime number?
False
Is 256888633403 a composite number?
True
Is 7536127723 prime?
True
Is 47875528703 a composite number?
True
Is 437667179 composite?
False
Is 61757789 a prime number?
True
Is 11439153739 prime?
False
Is 622245739 prime?
True
Is 15873055009 a composite number?
True
Is 2250916931 a composite number?
True
Is 23839503847 a composite number?
False
Is 1369989529 composite?
False
Is 9049756229 a composite number?
True
Is 9176021311 a prime number?
True
Is 731984309 a prime number?
False
Is 2293346437 prime?
True
Is 2412736139 a composite number?
True
Is 2179468591 prime?
True
Is 194588229981 composite?
True
Is 20130872299 a prime number?
True
Is 161151014951 prime?
True
Is 333317497 a prime number?
False
Is 36980340097 a prime number?
True
Is 65848421 prime?
True
Is 319010063 a composite number?
True
Is 20672972059 a composite number?
True
Is 437097206695 a composite number?
True
Is 27317225333 a prime number?
False
Is 5816463659 a prime number?
True
Is 38500977041 a prime number?
True
Is 2448493763 prime?
True
Is 332328949 a composite number?
False
Is 16462153615 composite?
True
Is 2467864681 prime?
True
Is 19544306137 a prime number?
False
Is 641848703 prime?
True
Is 2612019413 prime?
True
Is 213799643 a prime number?
True
Is 1445958683 prime?
False
Is 527759041 prime?
False
Is 1515620779 composite?
True
Is 100399681 a composite number?
False
Is 474006719 prime?
False
Is 12091803233 composite?
False
Is 241836131 a composite number?
True
Is 6128038597 prime?
False
Is 13198430989 composite?
True
Is 320070383 prime?
True
Is 20837135587 prime?
True
Is 109503868393 composite?
False
Is 648067877 composite?
True
Is 21219740378 composite?
True
Is 2888821349 composite?
False
Is 67894441541 a composite number?
False
Is 11307975487 composite?
False
Is 43595078497 composite?
False
Is 3584537609 a prime number?
True
Is 28635915941 composite?
False
Is 64599608993 composite?
True
Is 72741269 prime?
False
Is 656876489 a composite number?
False
Is 37905503 a composite number?
False
Is 53172785515 prime?
False
Is 23991159497 a prime number?
True
Is 38259166097 a prime number?
True
Is 9504951061 composite?
False
Is 523591603 prime?
True
Is 218742803 a prime number?
True
Is 27536215247 prime?
True
Is 32303036819 prime?
False
Is 1469957603 a prime number?
False
Is 11313316387 a composite number?
True
Is 2952068123 composite?
True
Is 9465413857 a composite number?
False
Is 8950098449 a prime number?
True
Is 1433655797 a prime number?
False
Is 199141901839 a prime number?
True
Is 60692864767 composite?
False
Is 791504557 composite?
False
Is 30091704649 a prime number?
False
Is 23763443993 a prime number?
False
Is 432968411 prime?
False
Is 233444579 composite?
False
Is 3014489333 a composite number?
True
Is 151017781829 composite?
True
Is 42553350451 a composite number?
False
Is 3467317769 prime?
False
Is 282288281095 a composite number?
True
Is 39817913207 prime?
False
Is 4891907039 a composite number?
False
Is 54424751923 prime?
False
Is 699900899 a composite number?
False
Is 11013923273 prime?
True
Is 2563189 a composite number?
True
Is 1423737929 a composite number?
False
Is 73559140058 composite?
True
Is 8204908709 prime?
False
Is 131250489317 prime?
True
Is 1531405621 a composite number?
False
Is 6512260003 composite?
False
Is 793600519 a prime number?
True
Is 3036983359 composite?
True
Is 4112918281 prime?
False
Is 341198149 a prime number?
False
Is 17554466437 composite?
False
Is 1500798079 a prime number?
False
Is 149431589 a prime number?
True
Is 724539503 a composite number?
False
Is 191683476107 a prime number?
True
Is 194921490893 a prime number?
True
Is 3319736003 prime?
True
Is 6725364617 a prime number?
True
Is 1251752351 a prime number?
False
Is 56828615009 composite?
False
Is 64096096759 a composite number?
False
Is 1361313181 prime?
True
Is 2186111783 prime?
True
Is 796952693 a composite number?
False
Is 1425224023 prime?
True
Is 3124611587 a composite number?
False
Is 5404894849 a composite number?
False
Is 2950281637 a composite number?
False
Is 14846915539 composite?
True
Is 472052939 a composite number?
True
Is 42122345177 prime?
False
Is 3626078993 prime?
True
Is 101512432067 a prime number?
True
Is 1028959759 a composite number?
True
Is 21571603421 prime?
False
Is 19353360343 composite?
True
Is 30478256537 a prime number?
True
Is 18657329 composite?
False
Is 172892751893 a composite number?
False
Is 98067936271 a composite number?
False
Is 10644540385 a prime number?
False
Is 9208652938 a composite number?
True
Is 158785043 a prime number?
True
Is 68611578367 composite?
True
Is 25465531073 composite?
False
Is 1241776297 prime?
False
Is 559986853 prime?
True
Is 1494083579 a composite number?
False
Is 110031734597 prime?
False
Is 644989097 prime?
True
Is 133349175177 a composite number?
True
Is 6194597621 a prime number?
False
Is 8279571389 prime?
True
Is 14033390461 a prime number?
True
Is 21155380271 a composite number?
False
Is 500601427 prime?
True
Is 722164819 composite?
False
Is 14745659413 a prime number?
False
Is 561266521 composite?
True
Is 327262589 a prime number?
True
Is 3885386971 a composite number?
False
Is 72116191403 composite?
False
Is 595211 a prime number?
False
Is 1140886547 a prime number?
True
Is 1965218393 composite?
True
Is 621783931 a composite number?
True
Is 8875598791 prime?
True
Is 7324070095 a prime number?
False
Is 9932001367 a composite number?
False
Is 881298937 prime?
True
Is 243805981 composite?
False
Is 2312729087 a prime number?
False
Is 59683847 prime?
True
Is 1861663747 composite?
True
Is 7134225141 a composite number?
True
Is 12272817077 a composite number?
False
Is 3695722741 a composite number?
False
Is 3917610139 a prime number?
True
Is 13082981827 a composite number?
True
Is 7681040193 prime?
False
Is 366023893745 prime?
False
Is 68842435639 composite?
True
Is 4750517 a prime number?
True
Is 1210082707 a prime number?
True
Is 329160301783 prime?
False
Is 57789768949 composite?
True
Is 8557722661 composite?
True
Is 23839813887 a composite number?
True
Is 1584285377 a prime number?
False
Is 148728517 a prime number?
False
Is 13961841953 a composite number?
True
Is 18833964791 a prime number?
False
Is 5381808889 a composite number?
True
Is 11697142 a prime number?
False
Is 76348919 prime?
True
Is 56868456947 a prime number?
False
Is 222097207 a composite number?
False
Is 9003425273 prime?
True
Is 92801237 a prime number?
True
Is 8560512211 a prime number?
False
Is 313704631 a prime number?
False
Is 6463196801 prime?
False
Is 284675529599 prime?
True
Is 91714606579 composite?
False
Is 458285365 composite?
True
Is 893735411 prime?
True
Is 29942909129 a prime number?
False
Is 32790722123 composite?
False
Is 2688369997 prime?
True
Is 13439842583 prime?
True
Is 32095249 composite?
False
Is 2901131501 composite?
False
Is 88872835 composite?
True
Is 11082969797 a prime number?
False
Is 328184641 a prime number?
True
Is 50624323 prime?
True
Is 18641067227 prime?
False
Is 23980564417 a composite number?
False
Is 23416734917 a composite number?
False
Is 46249724491 a composite number?
True
Is 41552721757 a prime number?
True
Is 3817802471 a composite number?
True
Is 53566739 composite?
False
Is 4504916441 a prime number?
False
Is 116561437 a composite number?
False
Is 150016849 composite?
True
Is 681385489 prime?
False
Is 6411566527 composite?
False
Is 229404089063 prime?
False
Is 296635403861 prime?
True
Is 7894809067 prime?
False
Is 64067649 a composite number?
True
Is 13703003485 a prime number?
False
Is 12965134913 composite?
False
Is 35208677 composite?
True
Is 4699403431 a composite number?
False
Is 1654699181 a composite number?
False
Is 831086303 a prime number?
True
Is 21187823071 a composite number?
False
Is 78504859859 composite?
False
Is 100379035 prime?
False
Is 207365821 a prime number?
False
Is 2489730809 a composite number?
True
Is 143452305637 composite?
True
Is 9938250923 a composite